of 271?
2
What is the tens digit of 20445?
4
What is the hundreds digit of 61671?
6
What is the tens digit of 479?
7
What is the units digit of 2795?
5
What is the thousands digit of 61868?
1
What is the ten thousands digit of 45591?
4
What is the thousands digit of 18412?
8
What is the units digit of 120150?
0
What is the tens digit of 3692?
9
What is the units digit of 1192?
2
What is the hundreds digit of 41992?
9
What is the units digit of 7760?
0
What is the thousands digit of 79959?
9
What is the tens digit of 73554?
5
What is the thousands digit of 46788?
6
What is the units digit of 1617?
7
What is the hundreds digit of 2889?
8
What is the tens digit of 952?
5
What is the units digit of 66718?
8
What is the hundreds digit of 337?
3
What is the tens digit of 7083?
8
What is the units digit of 685?
5
What is the hundreds digit of 480?
4
What is the thousands digit of 2179?
2
What is the hundreds digit of 3284?
2
What is the hundreds digit of 780?
7
What is the ten thousands digit of 20185?
2
What is the tens digit of 6106?
0
What is the hundreds digit of 60383?
3
What is the units digit of 66521?
1
What is the tens digit of 1677?
7
What is the tens digit of 9467?
6
What is the units digit of 1028?
8
What is the thousands digit of 6191?
6
What is the units digit of 11679?
9
What is the tens digit of 6966?
6
What is the hundreds digit of 184?
1
What is the units digit of 1440?
0
What is the units digit of 45512?
2
What is the hundreds digit of 4014?
0
What is the thousands digit of 25678?
5
What is the tens digit of 2773?
7
What is the thousands digit of 2330?
2
What is the units digit of 45032?
2
What is the units digit of 7228?
8
What is the units digit of 104490?
0
What is the units digit of 22449?
9
What is the tens digit of 14700?
0
What is the tens digit of 2674?
7
What is the units digit of 71915?
5
What is the tens digit of 33903?
0
What is the thousands digit of 1203?
1
What is the units digit of 232?
2
What is the units digit of 4315?
5
What is the units digit of 243?
3
What is the hundreds digit of 497?
4
What is the units digit of 8?
8
What is the tens digit of 484?
8
What is the units digit of 157?
7
What is the units digit of 949?
9
What is the units digit of 30800?
0
What is the thousands digit of 7397?
7
What is the ten thousands digit of 28298?
2
What is the thousands digit of 2277?
2
What is the units digit of 1028?
8
What is the thousands digit of 3740?
3
What is the thousands digit of 6260?
6
What is the hundreds digit of 8218?
2
What is the thousands digit of 6893?
6
What is the units digit of 559?
9
What is the tens digit of 1104?
0
What is the tens digit of 847?
4
What is the units digit of 18213?
3
What is the tens digit of 321?
2
What is the ten thousands digit of 19056?
1
What is the hundreds digit of 7228?
2
What is the hundreds digit of 7490?
4
What is the units digit of 15068?
8
What is the thousands digit of 18270?
8
What is the units digit of 3344?
4
What is the ten thousands digit of 10861?
1
What is the ten thousands digit of 48762?
4
What is the tens digit of 955?
5
What is the thousands digit of 9506?
9
What is the thousands digit of 58160?
8
What is the units digit of 148?
8
What is the tens digit of 10993?
9
What is the thousands digit of 5911?
5
What is the units digit of 20781?
1
What is the units digit of 63154?
4
What is the tens digit of 5871?
7
What is the units digit of 4220?
0
What is the tens digit of 11729?
2
What is the thousands digit of 2842?
2
What is the tens digit of 89565?
6
What is the ten thousands digit of 21981?
2
What is the thousands digit of 193840?
3
What is the units digit of 10162?
2
What is the units digit of 127?
7
What is the hundreds digit of 936?
9
What is the hundreds digit of 167?
1
What is the hundreds digit of 28202?
2
What is the tens digit of 25620?
2
What is the units digit of 132902?
2
What is the thousands digit of 2893?
2
What is the units digit of 2032?
2
What is the thousands digit of 22529?
2
What is the thousands digit of 1619?
1
What is the units digit of 1512?
2
What is the units digit of 2392?
2
What is the hundreds digit of 478?
4
What is the thousands digit of 3131?
3
What is the units digit of 107020?
0
What is the hundreds digit of 40743?
7
What is the units digit of 1824?
4
What is the units digit of 1208?
8
What is the units digit of 30542?
2
What is the thousands digit of 11110?
1
What is the hundreds digit of 107893?
8
What is the units digit of 351?
1
What is the tens digit of 2669?
6
What is the hundreds digit of 14088?
0
What is the hundreds digit of 12251?
2
What is the hundreds digit of 348?
3
What is the hundreds digit of 868?
8
What is the tens digit of 123?
2
What is the tens digit of 9958?
5
What is the tens digit of 1123?
2
What is the hundreds digit of 103454?
4
What is the hundreds digit of 71957?
9
What is the tens digit of 25393?
9
What is the tens digit of 49580?
8
What is the hundreds digit of 8419?
4
What is the thousands digit of 12257?
2
What is the units digit of 2455?
5
What is the hundreds digit of 1454?
4
What is the units digit of 526?
6
What is the units digit of 12283?
3
What is the hundreds digit of 270?
2
What is the units digit of 669?
9
What is the ten thousands digit of 41460?
4
What is the thousands digit of 2126?
2
What is the hundreds digit of 3367?
3
What is the tens digit of 446?
4
What is the ten thousands digit of 12562?
1
What is the units digit of 89?
9
What is the hundreds digit of 19869?
8
What is the hundred thousands digit of 192463?
1
What is the units digit of 35352?
2
What is the tens digit of 14753?
5
What is the hundreds digit of 3378?
3
What is the hundreds digit of 155252?
2
What is the units digit of 3314?
4
What is the units digit of 52970?
0
What is the tens digit of 1595?
9
What is the units digit of 2607?
7
What is the hundreds digit of 4583?
5
What is the tens digit of 14378?
7
What is the hundreds digit of 169?
1
What is the hundreds digit of 44275?
2
What is the units digit of 3188?
8
What is the units digit of 2237?
7
What is the tens digit of 14225?
2
What is the ten thousands digit of 13788?
1
What is the hundreds digit of 8116?
1
What is the thousands digit of 2004?
2
What is the hundreds digit of 1133?
1
What is the hundreds digit of 119659?
6
What is the thousands digit of 1470?
1
What is the tens digit of 15353?
5
What is the units digit of 119?
9
What is the tens digit of 3740?
4
What is the thousands digit of 197402?
7
What is the hundreds digit of 5281?
2
What is the hundreds digit of 90338?
3
What is the thousands digit of 10280?
0
What is the hundreds digit of 2179?
1
What is the thousands digit of 2593?
2
What is the tens digit of 634?
3
What is the thousands digit of 98137?
8
What is the tens digit of 1233?
3
What is the units digit of 6480?
0
What is the thousands digit of 3984?
3
What is the units digit of 3353?
3
What is the thousands digit of 29848?
9
What is the units digit of 1450?
0
What is the tens digit of 4030?
3
What is the units digit of 1498?
8
What is the hundreds digit of 64245?
2
What is the units digit of 38076?
6
What is the units digit of 2882?
2
What is the hundreds digit of 2227?
2
What is the tens digit of 1374?
7
What is the thousands digit of 2018?
2
What is the tens digit of 8959?
5
What is the tens digit of 701?
0
What is the hundreds digit of 9677?
6
What is the units digit of 713?
3
What is the tens digit of 77375?
7
What is the hundreds digit of 258?
2
What is the tens digit of 3142?
4
What is the units digit of 2890?
0
What is the thousands digit of 15311?
5
What is the units digit of 1078?
8
What is the thousands digit of 10752?
0
What is the tens digit of 37?
3
What is the tens digit of 3210?
1
What is the tens digit of 1970?
7
What is the tens digit of 10251?
5
What is the hundreds digit of 26653?
6
What is the tens digit of 84?
8
What is the tens digit of 3680?
8
What is the units digit of 14801?
1
What is the hundred thousands digit of 189579?
1
What is the thousands digit of 92127?
2
What is the thousands digit of 1614?
1
What is the ten thousands digit of 14757?
1
What is the hundreds digit of 114777?
7
What is the units digit of 2150?
0
What is the tens digit of 6435?
3
What is the units digit of 28920?
0
What is the tens digit of 10